{"id":322,"date":"2016-12-28T22:38:54","date_gmt":"2016-12-28T21:38:54","guid":{"rendered":"https:\/\/sp4krosno.wordpress.com\/?page_id=322"},"modified":"2020-09-05T16:05:19","modified_gmt":"2020-09-05T14:05:19","slug":"samorzad-szkolny","status":"publish","type":"page","link":"http:\/\/mzs7krosno.pl\/index.php\/samorzad-szkolny\/","title":{"rendered":"Samorz\u0105d szkolny"},"content":{"rendered":"<div>\n<p style=\"text-align: left;\"><strong><img loading=\"lazy\" decoding=\"async\" class=\"  wp-image-325 alignright\" src=\"https:\/\/sp4krosno.files.wordpress.com\/2016\/12\/su3.jpg\" alt=\"su3\" width=\"248\" height=\"159\" srcset=\"http:\/\/mzs7krosno.pl\/wp-content\/uploads\/2016\/12\/su3.jpg 380w, http:\/\/mzs7krosno.pl\/wp-content\/uploads\/2016\/12\/su3-300x193.jpg 300w, http:\/\/mzs7krosno.pl\/wp-content\/uploads\/2016\/12\/su3-168x108.jpg 168w\" sizes=\"auto, (max-width: 248px) 100vw, 248px\" \/><\/strong><\/p>\n<p style=\"text-align: left;\"><strong>Przewodnicz\u0105ca: <\/strong><\/p>\n<p style=\"text-align: left;\"><strong>Zast\u0119pca :<br \/>\n<\/strong><\/p>\n<p style=\"text-align: left;\"><strong>Skarbnik:<br \/>\n<\/strong><\/p>\n<p>&nbsp;<\/p>\n<\/div>\n<div style=\"text-align: center;\"><strong>Opiekun samorz\u0105du:<br \/>\n<\/strong><\/div>\n","protected":false},"excerpt":{"rendered":"<p>Przewodnicz\u0105ca: Zast\u0119pca : Skarbnik: &nbsp; Opiekun samorz\u0105du:<\/p>\n","protected":false},"author":1,"featured_media":0,"parent":0,"menu_order":0,"comment_status":"closed","ping_status":"closed","template":"","meta":{"ngg_post_thumbnail":0,"footnotes":""},"class_list":["post-322","page","type-page","status-publish","hentry"],"aioseo_notices":[],"_links":{"self":[{"href":"http:\/\/mzs7krosno.pl\/index.php\/wp-json\/wp\/v2\/pages\/322","targetHints":{"allow":["GET"]}}],"collection":[{"href":"http:\/\/mzs7krosno.pl\/index.php\/wp-json\/wp\/v2\/pages"}],"about":[{"href":"http:\/\/mzs7krosno.pl\/index.php\/wp-json\/wp\/v2\/types\/page"}],"author":[{"embeddable":true,"href":"http:\/\/mzs7krosno.pl\/index.php\/wp-json\/wp\/v2\/users\/1"}],"replies":[{"embeddable":true,"href":"http:\/\/mzs7krosno.pl\/index.php\/wp-json\/wp\/v2\/comments?post=322"}],"version-history":[{"count":1,"href":"http:\/\/mzs7krosno.pl\/index.php\/wp-json\/wp\/v2\/pages\/322\/revisions"}],"predecessor-version":[{"id":6148,"href":"http:\/\/mzs7krosno.pl\/index.php\/wp-json\/wp\/v2\/pages\/322\/revisions\/6148"}],"wp:attachment":[{"href":"http:\/\/mzs7krosno.pl\/index.php\/wp-json\/wp\/v2\/media?parent=322"}],"curies":[{"name":"wp","href":"https:\/\/api.w.org\/{rel}","templated":true}]}}